nder when 609 is divided by 49.
21
Calculate the remainder when 274 is divided by 141.
133
What is the remainder when 3079 is divided by 79?
77
Calculate the remainder when 1690 is divided by 240.
10
Calculate the remainder when 374 is divided by 76.
70
What is the remainder when 182 is divided by 57?
11
Calculate the remainder when 1495 is divided by 44.
43
What is the remainder when 181 is divided by 85?
11
What is the remainder when 936 is divided by 101?
27
What is the remainder when 1194 is divided by 296?
10
Calculate the remainder when 435 is divided by 144.
3
What is the remainder when 296 is divided by 9?
8
What is the remainder when 677 is divided by 250?
177
What is the remainder when 1905 is divided by 210?
15
What is the remainder when 1864 is divided by 15?
4
What is the remainder when 628 is divided by 586?
42
Calculate the remainder when 3557 is divided by 508.
1
What is the remainder when 194 is divided by 10?
4
Calculate the remainder when 106 is divided by 6.
4
Calculate the remainder when 14471 is divided by 254.
247
Calculate the remainder when 658 is divided by 234.
190
What is the remainder when 426 is divided by 54?
48
What is the remainder when 2419 is divided by 1204?
11
Calculate the remainder when 15407 is divided by 36.
35
Calculate the remainder when 126 is divided by 13.
9
What is the remainder when 212 is divided by 39?
17
Calculate the remainder when 234 is divided by 37.
12
What is the remainder when 197 is divided by 18?
17
Calculate the remainder when 349 is divided by 61.
44
Calculate the remainder when 567 is divided by 57.
54
Calculate the remainder when 901 is divided by 129.
127
What is the remainder when 26 is divided by 12?
2
What is the remainder when 5968 is divided by 351?
1
What is the remainder when 58 is divided by 16?
10
What is the remainder when 270 is divided by 91?
88
Calculate the remainder when 766 is divided by 69.
7
Calculate the remainder when 79 is divided by 24.
7
Calculate the remainder when 54 is divided by 16.
6
What is the remainder when 68 is divided by 38?
30
Calculate the remainder when 224 is divided by 103.
18
Calculate the remainder when 9 is divided by 7.
2
What is the remainder when 64 is divided by 35?
29
Calculate the remainder when 170 is divided by 101.
69
Calculate the remainder when 337 is divided by 31.
27
What is the remainder when 229 is divided by 58?
55
Calculate the remainder when 238 is divided by 14.
0
Calculate the remainder when 95 is divided by 32.
31
What is the remainder when 48 is divided by 7?
6
What is the remainder when 740 is divided by 368?
4
Calculate the remainder when 104 is divided by 36.
32
Calculate the remainder when 1098 is divided by 22.
20
What is the remainder when 1550 is divided by 33?
32
What is the remainder when 4797 is divided by 60?
57
Calculate the remainder when 1071 is divided by 357.
0
Calculate the remainder when 1058 is divided by 76.
70
Calculate the remainder when 195 is divided by 36.
15
Calculate the remainder when 71 is divided by 12.
11
Calculate the remainder when 911 is divided by 7.
1
What is the remainder when 80 is divided by 73?
7
Calculate the remainder when 3085 is divided by 63.
61
Calculate the remainder when 97 is divided by 16.
1
What is the remainder when 16085 is divided by 383?
382
What is the remainder when 50 is divided by 7?
1
Calculate the remainder when 802 is divided by 11.
10
What is the remainder when 1369 is divided by 128?
89
What is the remainder when 2159 is divided by 30?
29
What is the remainder when 388 is divided by 28?
24
What is the remainder when 395 is divided by 195?
5
What is the remainder when 189 is divided by 16?
13
What is the remainder when 3293 is divided by 16?
13
Calculate the remainder when 17784 is divided by 121.
118
Calculate the remainder when 161 is divided by 9.
8
Calculate the remainder when 3249 is divided by 192.
177
What is the remainder when 4231 is divided by 27?
19
Calculate the remainder when 113 is divided by 12.
5
Calculate the remainder when 1313 is divided by 646.
21
Calculate the remainder when 6594 is divided by 88.
82
What is the remainder when 587 is divided by 66?
59
What is the remainder when 453 is divided by 12?
9
Calculate the remainder when 6887 is divided by 83.
81
What is the remainder when 60 is divided by 8?
4
Calculate the remainder when 1008 is divided by 46.
42
What is the remainder when 836 is divided by 118?
10
Calculate the remainder when 666 is divided by 56.
50
Calculate the remainder when 120 is divided by 110.
10
Calculate the remainder when 132 is divided by 34.
30
What is the remainder when 23388 is divided by 34?
30
Calculate the remainder when 7483 is divided by 12.
7
What is the remainder when 14172 is divided by 3?
0
Calculate the remainder when 79 is divided by 8.
7
What is the remainder when 252 is divided by 67?
51
What is the remainder when 41 is divided by 15?
11
Calculate the remainder when 3903 is divided by 38.
27
What is the remainder when 28839 is divided by 57?
54
Calculate the remainder when 1426 is divided by 205.
196
What is the remainder when 393 is divided by 5?
3
Calculate the remainder when 1708 is divided by 59.
56
Calculate the remainder when 73 is divided by 25.
23
What is the remainder when 313 is divided by 152?
9
What is the remainder when 1662 is divided by 14?
10
What is the remainder when 2491 is divided by 47?
0
What is the remainder when 377 is divided by 21?
20
Calculate the remainder when 806 is divided by 3.
2
What is the remainder when 32 is divided by 13?
6
Calculate the remainder when 357 is divided by 282.
75
Calculate the remainder when 429 is divided by 110.
99
Calculate the remainder when 151 is divided by 55.
41
Calculate the remainder when 416 is divided by 100.
16
What is the remainder when 1896 is divided by 70?
6
What is the remainder when 5804 is divided by 30?
14
What is the remainder when 4232 is divided by 2100?
32
Calculate the remainder when 161 is divided by 42.
35
What is the remainder when 1532 is divided by 154?
146
What is the remainder when 295 is divided by 20?
15
Calculate the remainder when 12295 is divided by 86.
83
What is the remainder when 851 is divided by 14?
11
Calculate the remainder when 802 is divided by 49.
18
What is the remainder when 5481 is divided by 137?
1
What is the remainder when 158 is divided by 9?
5
What is the remainder when 323 is divided by 81?
80
What is the remainder when 85 is divided by 13?
7
Calculate the remainder when 467 is divided by 120.
107
Calculate the remainder when 380 is divided by 8.
4
What is the remainder when 390 is divided by 80?
70
What is the remainder when 370 is divided by 42?
34
Calculate the remainder when 854 is divided by 11.
7
Calculate the remainder when 795 is divided by 42.
39
What is the remainder when 406 is divided by 51?
49
What is the remainder when 1116 is divided by 101?
5
What is the remainder when 5734 is divided by 91?
1
What is the remainder when 542 is divided by 50?
42
What is the remainder when 2724 is divided by 16?
4
What is the remainder when 177 is divided by 100?
77
What is the remainder when 1988 is divided by 166?
162
What is the remainder when 287 is divided by 57?
2
What is the remainder when 1950 is divided by 244?
242
What is the remainder when 10 is divided by 8?
2
What is the remainder when 1255 is divided by 170?
65
What is the remainder when 131 is divided by 38?
17
Calculate the remainder when 57 is divided by 20.
17
What is the remainder when 146 is divided by 123?
23
What is the remainder when 181 is divided by 54?
19
Calculate the remainder when 158 is divided by 40.
38
What is the remainder when 2815 is divided by 4?
3
What is the remainder when 486 is divided by 54?
0
What is the remainder when 415 is divided by 19?
16
Calculate the remainder when 4640 is divided by 129.
125
What is the remainder when 691 is divided by 77?
75
Calculate the remainder when 221 is divided by 21.
11
What is the remainder when 804 is divided by 28?
20
What is the remainder when 1797 is divided by 25?
22
Calculate the remainder when 61 is divided by 5.
1
Calculate the remainder when 648 is divided by 65.
63
What is the remainder when 57 is divided by 24?
9
What is the remainder when 1326 is di